{"id":9975,"date":"2022-02-28T13:49:50","date_gmt":"2022-02-28T12:49:50","guid":{"rendered":"https:\/\/www.freie-berufe.de\/?page_id=9975"},"modified":"2023-03-21T12:57:43","modified_gmt":"2023-03-21T11:57:43","slug":"ukraine","status":"publish","type":"page","link":"https:\/\/bfb.pantamedia.de\/wordpress\/ukraine\/","title":{"rendered":"Ukraine &#8211; Freiheit ist solidarisch!"},"content":{"rendered":"<p><a href=\"https:\/\/www.freie-berufe.de\/pressemitteilungen\/bfb-praesidium-zum-angriff-russlands-auf-die-ukraine\/\">BFB-Pr\u00e4sidium zum Angriff Russlands auf die Ukraine<\/a><\/p>\n<h6><\/h6>\n<h6><strong>Engagements der Freien Berufe f\u00fcr die vom Krieg in der Ukraine Betroffenen wurden in \u201e<a href=\"https:\/\/bfb.pantamedia.de\/wp-content\/uploads\/2022\/08\/dfb-03-2022_Profil_300ppi_geschuetzt.pdf\">der freie beruf\u201c 3-2022<\/a> vorgestellt:<\/strong><\/h6>\n<ul style=\"list-style-type: disc;\">\n<li>Auf Ingenieurhilfe bauen \u2013 Dr.-Ing. Heinrich B\u00f6kamp\/BIngK<\/li>\n<li>Rechtliche Hilfen auf vielen Wegen \u2013 Dr. Sylvia Ruge\/DAV<\/li>\n<li>Unterst\u00fctzung, Orientierung und Vernetzung \u2013 BBK und IGBK<\/li>\n<li>Zahn\u00e4rzteschaft leistet schnelle und unb\u00fcrokratische Hilfe \u2013 Prof. Dr. Christoph Benz\/BZ\u00c4K und Dr. Wolfgang E\u00dfer\/KZBV<\/li>\n<li>\u00dcberw\u00e4ltigende Spenden der \u00c4rzteschaft \u2013 Knut K\u00f6hler\/LFB Sachsen<\/li>\n<li>Freiheit bedeutet, Verantwortung zu \u00fcbernehmen \u2013 Bernd Zimmer\/VFB NW<\/li>\n<\/ul>\n<h6><strong>Die Bundesregierung und ihre Ministerien haben eine Vielzahl von Hilfen f\u00fcr Betroffene des Ukraine-Kriegs installiert. Hier finden Sie einen \u00dcberblick \u00fcber die Hilfeleistungen und \u00fcber die Sanktionen gegen Russland sowie weitere Informationen:<\/strong><\/h6>\n<p>Das Bundesministerium f\u00fcr Bildung und Forschung beantwortet <a href=\"https:\/\/www.bmbf.de\/bmbf\/shareddocs\/faq\/informationen-fuer-gefluechtete-ukraine.html\">auf dieser Seite<\/a> Fragen rund um Schule, Ausbildung, Studium, Arbeit und Anerkennung ausl\u00e4ndischer Berufsabschl\u00fcsse in Deutschland.<\/p>\n<p>Das <a href=\"https:\/\/www.bafa.de\/DE\/Aussenwirtschaft\/Ausfuhrkontrolle\/Embargos\/Russland\/russland_node.html\">Bundesamt f\u00fcr Wirtschaft und Ausfuhrkontrolle<\/a> und die <a href=\"https:\/\/www.bundesbank.de\/de\/service\/finanzsanktionen\/sanktionsregimes\/ukraine-russland-610842\">Deutsche Bundesbank<\/a> haben Hotlines zur Frage der Auslegung der Sanktionen eingerichtet. F\u00fcr Wirtschaftspr\u00fcfer ggf. besonders zweckm\u00e4\u00dfig ist der Kontakt zur Bundesbank, die zu allen Fragen der Finanzsanktionen ber\u00e4t.<\/p>\n<p>Das Bundesministerium f\u00fcr Familie, Senioren, Frauen und Jugend bietet <a href=\"https:\/\/www.hilfetelefon.de\/das-hilfetelefon\/beratung\/beratung-in-17-sprachen.html\">Hilfetelefone<\/a> bei Gewalt gegen Frauen und Kinder und gegen Schwangere in Not an.<\/p>\n<p>Die Bundesregierung gibt einen \u00dcberblick \u00fcber die <a href=\"https:\/\/www.bundesregierung.de\/breg-de\/themen\/krieg-in-der-ukraine\/eu-sanktionen-2007964\">Sanktionen gegen Russland<\/a>.<\/p>\n<p>Das Bundesamt f\u00fcr Migration und Fl\u00fcchtlinge informiert \u00fcber <a href=\"https:\/\/www.integrationsbeauftragte.de\/ib-de\/staatsministerin\/krieg-in-der-ukraine\">Fragen und Antworten zu Einreise und Aufenthalt in Deutschland<\/a>.<\/p>\n<p>&nbsp;<\/p>\n<h6><strong>Der Angriff Russlands auf die Ukraine ersch\u00fcttert die Freien Berufe. Ihre Solidarit\u00e4t ist bei den in den Freien Berufen t\u00e4tigen Kolleginnen und Kollegen sowie bei allen Menschen in der Ukraine. Nachfolgend finden Sie einen \u00dcberblick der Hilfsma\u00dfnahmen der Freiberufler-Organisationen:<\/strong><\/h6>\n<p>Die <a href=\"https:\/\/www.blaek.de\/\">Bayerische Landes\u00e4rztekammer<\/a>, die <a href=\"https:\/\/www.ptk-bayern.de\/\">Bayerische Landeskammer der Psychologischen Psychotherapeuten<\/a> und die <a href=\"https:\/\/www.kvb.de\/\">Kassen\u00e4rztliche Vereinigung Bayerns<\/a> bitten die bayerischen \u00c4rztinnen und \u00c4rzte sowie Psychotherapeutinnen und Psychotherapeuten zudem um Unterst\u00fctzung von Hilfsorganisationen, die in der Ukraine medizinische Hilfe leisten. Dabei stehen Geldspenden im Fokus. Unter anderem kann an folgende Hilfsorganisationen gespendet werden:<\/p>\n<p><strong>Aktion Deutschland hilft<\/strong><br \/>\nIBAN: DE62 3702 0500 0000 1020 30<br \/>\nBIC (SWIFT-Code): BFSWDE33XXX (K\u00f6ln)<br \/>\nVerwendungszweck: \u201eNothilfe Ukraine\u201d<\/p>\n<p><strong>\u00c4rzte ohne Grenzen e.V.<\/strong><br \/>\nIBAN: DE72 3702 0500 0009 7097 00<br \/>\nBIC (SWIFT-Code): BFSWDE33XXX<br \/>\nVerwendungszweck: \u201eUkraine-Hilfe\u201c<\/p>\n<p><strong>Deutsches Rotes Kreuz<\/strong><br \/>\nIBAN: DE63370205000005023307<br \/>\nBIC (SWIFT-Code):BFSWDE33XXX<br \/>\nVerwendungszweck: \u201eNothilfe Ukraine\u201d<\/p>\n<p><strong>humedica<\/strong><br \/>\nBIC (SWIFT-Code): BYLADEM1KFB<br \/>\nIBAN: DE35 7345 0000 0000 0047 47<br \/>\nVerwendungszweck: \u201eUkraine-Hilfe\u201c<\/p>\n<p><strong>Malteser Hilfsdienst e. V.<\/strong><br \/>\nIBAN: DE10 3706 0120 1201 2000 12<br \/>\nBIC (SWIFT-Code): GENODED 1PA7<br \/>\nVerwendungszweck: \u201eUkraine-Hilfe\u201c<\/p>\n<p><strong>Ukrainische \u00c4rztevereinigung in Deutschland e.V.<\/strong><br \/>\nIBAN: DE50 2305 1030 0511 3395 41<br \/>\nBIC (SWIFT-Code): NOLADE21SHO<br \/>\nVerwendungszweck: \u201eMedizinische Hilfe f\u00fcr die Ukraine\u201d<\/p>\n<p>Der <a href=\"https:\/\/bak.de\/stand-with-ukraine\/\">Bund Deutscher Architektinnen und Architekten (BDA) Bayern<\/a> schlie\u00dft sich dem Aufruf der Bundesarchitektenkammer zur Unterst\u00fctzung des ukrainischen Architektenverbandes an.<\/p>\n<p>Der Bund der \u00d6ffentlich bestellten Vermessungsingenieure BDVI stellt <a href=\"https:\/\/www.bdvi.de\/de\/service\/ukraine-konflikt\">Informationen f\u00fcr Arbeitgeber<\/a> zur Verf\u00fcgung. Vermehrt gibt es R\u00fcckfragen, wie deutsche Ingenieurinnen und Ingenieure ukrainischen Staatsangeh\u00f6rigen helfen k\u00f6nnen.<\/p>\n<p>Die <a href=\"https:\/\/bak.de\/stand-with-ukraine\/\">Bundesarchitektenkammer<\/a> bietet die Aufnahme ukrainischer Familien an und bittet um Meldung von Schlafpl\u00e4tzen f\u00fcr gefl\u00fcchtete Menschen. Bei Bedarf unterst\u00fctzt sie ukrainische Universit\u00e4ten sowie die Architekturfakult\u00e4t mit Online-Angeboten.<\/p>\n<p>Die <a href=\"https:\/\/www.bptk.de\/auf-millionen-von-fluechtlingen-vorbereiten\/\">Bundespsychotherapeutenkammer<\/a> (BPtK) hat f\u00fcr Fl\u00fcchtlingseltern einen <a href=\"http:\/\/www.elternratgeber-fluechtlinge.de\/\">Ratgeber<\/a> herausgegeben, der erkl\u00e4rt, wie sie richtig auf ihre traumatisierten Kinder reagieren k\u00f6nnen. Er ist auch in das Ukrainische und Russische <a href=\"http:\/\/www.parent-refugees.de\/\">\u00fcbersetzt<\/a> sowie auf Deutsch, Englisch, Arabisch, Kurdisch und Persisch zu lesen. Der Elternratgeber f\u00fcr Fl\u00fcchtlinge ist auch als PDF-Brosch\u00fcre erh\u00e4ltlich; auch in <a href=\"https:\/\/www.bptk.de\/wp-content\/uploads\/2022\/05\/bptk.elternratgeber-fluechtlinge.ua_.pdf\">Ukrainisch<\/a> und <a href=\"https:\/\/www.bptk.de\/wp-content\/uploads\/2022\/05\/bptk.elternratgeber-fluechtlinge.ru_.pdf\">Russisch<\/a>.<\/p>\n<p>Der <a href=\"https:\/\/www.tieraerzteverband.de\/bpt\/\">Bundesverband Praktizierender Tier\u00e4rzte<\/a> e.V. (bpt) gibt Informationen zur erleichterten Einreise f\u00fcr Haustiere nach Deutschland.<\/p>\n<p>Der <a href=\"https:\/\/anwaltverein.de\/de\/engagement\/soziales-engagement-rechtsberatung#collapse_493159\">Deutsche Anwaltverein<\/a> (DAV) stellt einen <a href=\"https:\/\/dav-sozialrecht.de\/de\/aktuelles\/details\/aufenthaltserlaubnis\">Leitfaden<\/a> zum Zugang zu Sozialleistungen f\u00fcr Gefl\u00fcchtete aus der Ukraine zur Verf\u00fcgung.<\/p>\n<p>Die <a href=\"https:\/\/www.kbv.de\/html\/1150_57290.php\">Kassen\u00e4rztliche Bundesvereinigung<\/a> (KBV) informiert \u00fcber die medizinische Versorgung Gefl\u00fcchteter, die Versorgung mit Arzneimitteln, die Erbringung von Psychotherapien sowie die Abrechnungsm\u00f6glichkeit von Corona-Tests und COVID-Impfungen nach dem Asylbewerberleistungsgesetz. Sie informiert dar\u00fcber, dass die Praxen bereitstehen, um die Menschen zu versorgen: Gefl\u00fcchtete aus der Ukraine erhalten von den zust\u00e4ndigen \u00c4mtern der Kommunen Behandlungsscheine, mit denen sie einen Arzt aufsuchen k\u00f6nnen. Die Kassen\u00e4rztliche Vereinigung Berlin stellt eine <a href=\"https:\/\/www.kvberlin.de\/fuer-patienten\/ukraine\">Liste<\/a> mit \u00fcber 500 Berliner Praxen zur Verf\u00fcgung, die kostenfreie medizinische und psychologische Hilfe f\u00fcr Gefl\u00fcchtete anbieten. Sie bietet auch f\u00fcr Gefl\u00fcchtete aus der Ukraine Behandlungsscheine an. Die Kassenzahn\u00e4rztliche Vereinigung Bayerns bietet die zahn\u00e4rztliche Versorgung f\u00fcr ukrainische Fl\u00fcchtlinge an.<\/p>\n<p>Die <a href=\"https:\/\/www.kzbv.de\/zahnbehandlung-fluechtlinge-ukraine\">Kassenzahn\u00e4rztliche Bundesvereinigung<\/a> (KZBV) steht bereit, Fl\u00fcchtlinge aus der Ukraine schnell und unb\u00fcrokratisch zu versorgen. Hierf\u00fcr stehen u.a. eine Liste mit FAQ des Bundesgesundheitsministeriums sowie Informationen f\u00fcr Ukrainerinnen und Ukrainer in ihrer Landessprache zur Verf\u00fcgung.<\/p>\n<p>&nbsp;<\/p>\n<p><strong>Hilfsma\u00dfnahmen anderer Organisationen:<\/strong><\/p>\n<p><a href=\"https:\/\/alliance4ukraine.org\/\">Alliance4Ukraine<\/a> ist ein koordinierendes B\u00fcndnis aus zivilgesellschaftlichen Organisationen, Stiftungen, staatlichen Institutionen und Unternehmen. Das Ziel der Allianz ist es, ein \u00d6kosystem an ineinandergreifenden L\u00f6sungen f\u00fcr die Bedarfe von Menschen auf der Flucht zu schaffen.<\/p>\n<p>Stand: 16. Februar 2023<\/p>\n<p>&nbsp;<\/p>\n","protected":false},"excerpt":{"rendered":"<p>BFB-Pr\u00e4sidium zum Angriff Russlands auf die Ukraine Engagements der Freien Berufe f\u00fcr die vom Krieg in [&hellip;]<\/p>\n","protected":false},"author":674,"featured_media":0,"parent":0,"menu_order":0,"comment_status":"closed","ping_status":"closed","template":"","meta":{"footnotes":""},"acf":[],"publishpress_future_action":{"enabled":false,"date":"1970-01-01 01:00:00","action":"","terms":[],"taxonomy":"","browser_timezone_offset":0},"_links":{"self":[{"href":"https:\/\/bfb.pantamedia.de\/wordpress\/wp-json\/wp\/v2\/pages\/9975"}],"collection":[{"href":"https:\/\/bfb.pantamedia.de\/wordpress\/wp-json\/wp\/v2\/pages"}],"about":[{"href":"https:\/\/bfb.pantamedia.de\/wordpress\/wp-json\/wp\/v2\/types\/page"}],"author":[{"embeddable":true,"href":"https:\/\/bfb.pantamedia.de\/wordpress\/wp-json\/wp\/v2\/users\/674"}],"replies":[{"embeddable":true,"href":"https:\/\/bfb.pantamedia.de\/wordpress\/wp-json\/wp\/v2\/comments?post=9975"}],"version-history":[{"count":100,"href":"https:\/\/bfb.pantamedia.de\/wordpress\/wp-json\/wp\/v2\/pages\/9975\/revisions"}],"predecessor-version":[{"id":11446,"href":"https:\/\/bfb.pantamedia.de\/wordpress\/wp-json\/wp\/v2\/pages\/9975\/revisions\/11446"}],"wp:attachment":[{"href":"https:\/\/bfb.pantamedia.de\/wordpress\/wp-json\/wp\/v2\/media?parent=9975"}],"curies":[{"name":"wp","href":"https:\/\/api.w.org\/{rel}","templated":true}]}}