{"id":99,"date":"2017-08-01T15:48:25","date_gmt":"2017-08-01T13:48:25","guid":{"rendered":"https:\/\/localhost\/labore-ut-in-qui-temporibus\/qualitaetssicherung-und-berufsrechte\/"},"modified":"2018-09-19T10:33:45","modified_gmt":"2018-09-19T08:33:45","slug":"qualitaetssicherung-und-berufsrechte","status":"publish","type":"page","link":"https:\/\/bfb.pantamedia.de\/wordpress\/themen\/qualitaetssicherung-und-berufsrechte\/","title":{"rendered":"Berufsrechte und Qualit\u00e4tssicherung"},"content":{"rendered":"<p>Identit\u00e4tsstiftend f\u00fcr die Freien Berufe insgesamt ist die Verpflichtung dazu, stets Dienstleistungen von hoher Qualit\u00e4t zu erbringen \u2013 auch und gerade in h\u00f6chst sensiblen Bereichen des Einzelnen und der Gesellschaft insgesamt. Freiberufliche Dienstleistungen sind ihrer Natur nach auf den individuellen Einzelfall zugeschnitten und deshalb nicht vergleichbar mit standardisierten industriellen Prozessen und G\u00fctern, die sich \u00fcblicherweise durch ein hohes Ma\u00df an Substituierbarkeit und durch die M\u00f6glichkeit zur Massenproduktion charakterisieren lassen. Konsequenterweise unterscheidet sich daher auch der Rechtsrahmen f\u00fcr den Berufszugang und die Berufsaus\u00fcbung in den Freien Berufen von anderen Bereichen der Wirtschaft: Die Selbstverwaltung aus Kammern und Verb\u00e4nden der Freien Berufe, die Berufsrechte und insbesondere die aktuell im Fokus der Diskussion stehenden Prinzipien wie Fremdkapitalregelungen, Honorar- und Geb\u00fchrenordnungen und Vorgaben f\u00fcr die Rechtsform freiberuflicher Einheiten sind von systemischer Bedeutung. Hohe Qualit\u00e4t ist der Markenkern der freiberuflichen Dienstleistungen, weil die Verbraucher, Patienten, Mandanten, Klienten und Kunden sie von den Freien Berufen erwarten.<\/p>\n","protected":false},"excerpt":{"rendered":"<p>Identit\u00e4tsstiftend f\u00fcr die Freien Berufe insgesamt ist die Verpflichtung dazu, stets Dienstleistungen von hoher Qualit\u00e4t zu [&hellip;]<\/p>\n","protected":false},"author":674,"featured_media":0,"parent":34,"menu_order":4,"comment_status":"closed","ping_status":"closed","template":"","meta":{"footnotes":""},"acf":[],"publishpress_future_action":{"enabled":false,"date":"1970-01-01 01:00:00","action":"","terms":[],"taxonomy":"","browser_timezone_offset":0},"_links":{"self":[{"href":"https:\/\/bfb.pantamedia.de\/wordpress\/wp-json\/wp\/v2\/pages\/99"}],"collection":[{"href":"https:\/\/bfb.pantamedia.de\/wordpress\/wp-json\/wp\/v2\/pages"}],"about":[{"href":"https:\/\/bfb.pantamedia.de\/wordpress\/wp-json\/wp\/v2\/types\/page"}],"author":[{"embeddable":true,"href":"https:\/\/bfb.pantamedia.de\/wordpress\/wp-json\/wp\/v2\/users\/674"}],"replies":[{"embeddable":true,"href":"https:\/\/bfb.pantamedia.de\/wordpress\/wp-json\/wp\/v2\/comments?post=99"}],"version-history":[{"count":7,"href":"https:\/\/bfb.pantamedia.de\/wordpress\/wp-json\/wp\/v2\/pages\/99\/revisions"}],"predecessor-version":[{"id":2638,"href":"https:\/\/bfb.pantamedia.de\/wordpress\/wp-json\/wp\/v2\/pages\/99\/revisions\/2638"}],"up":[{"embeddable":true,"href":"https:\/\/bfb.pantamedia.de\/wordpress\/wp-json\/wp\/v2\/pages\/34"}],"wp:attachment":[{"href":"https:\/\/bfb.pantamedia.de\/wordpress\/wp-json\/wp\/v2\/media?parent=99"}],"curies":[{"name":"wp","href":"https:\/\/api.w.org\/{rel}","templated":true}]}}