{"id":7861,"date":"2021-02-23T10:38:14","date_gmt":"2021-02-23T09:38:14","guid":{"rendered":"https:\/\/www.freie-berufe.de\/?page_id=7861"},"modified":"2021-02-25T12:23:56","modified_gmt":"2021-02-25T11:23:56","slug":"dfb-archiv","status":"publish","type":"page","link":"https:\/\/bfb.pantamedia.de\/wordpress\/presse\/veroeffentlichungen\/dfb-archiv\/","title":{"rendered":"der freie Beruf Archiv"},"content":{"rendered":"<ul>\n<li><a href=\"https:\/\/www.freie-berufe.de\/auszuege-archiv\/\">Ausz\u00fcge<\/a><\/li>\n<li><a href=\"https:\/\/www.freie-berufe.de\/auszuege-aktivitaeten-der-landesverbaende-archiv\/\">Ausz\u00fcge &#8211; Aktivit\u00e4ten der Landesverb\u00e4nde<\/a><\/li>\n<li><a href=\"https:\/\/www.freie-berufe.de\/wissens-werte-archiv\/\">Wissens-Werte<\/a><\/li>\n<\/ul>\n","protected":false},"excerpt":{"rendered":"<p>Ausz\u00fcge Ausz\u00fcge &#8211; Aktivit\u00e4ten der Landesverb\u00e4nde Wissens-Werte<\/p>\n","protected":false},"author":674,"featured_media":0,"parent":1180,"menu_order":20,"comment_status":"closed","ping_status":"closed","template":"","meta":{"footnotes":""},"acf":[],"publishpress_future_action":{"enabled":false,"date":"1970-01-01 01:00:00","action":"","terms":[],"taxonomy":"","browser_timezone_offset":0},"_links":{"self":[{"href":"https:\/\/bfb.pantamedia.de\/wordpress\/wp-json\/wp\/v2\/pages\/7861"}],"collection":[{"href":"https:\/\/bfb.pantamedia.de\/wordpress\/wp-json\/wp\/v2\/pages"}],"about":[{"href":"https:\/\/bfb.pantamedia.de\/wordpress\/wp-json\/wp\/v2\/types\/page"}],"author":[{"embeddable":true,"href":"https:\/\/bfb.pantamedia.de\/wordpress\/wp-json\/wp\/v2\/users\/674"}],"replies":[{"embeddable":true,"href":"https:\/\/bfb.pantamedia.de\/wordpress\/wp-json\/wp\/v2\/comments?post=7861"}],"version-history":[{"count":2,"href":"https:\/\/bfb.pantamedia.de\/wordpress\/wp-json\/wp\/v2\/pages\/7861\/revisions"}],"predecessor-version":[{"id":8122,"href":"https:\/\/bfb.pantamedia.de\/wordpress\/wp-json\/wp\/v2\/pages\/7861\/revisions\/8122"}],"up":[{"embeddable":true,"href":"https:\/\/bfb.pantamedia.de\/wordpress\/wp-json\/wp\/v2\/pages\/1180"}],"wp:attachment":[{"href":"https:\/\/bfb.pantamedia.de\/wordpress\/wp-json\/wp\/v2\/media?parent=7861"}],"curies":[{"name":"wp","href":"https:\/\/api.w.org\/{rel}","templated":true}]}}