{"id":37,"date":"2017-08-01T00:29:30","date_gmt":"2017-07-31T22:29:30","guid":{"rendered":"https:\/\/localhost\/nulla-autem-ea-vero\/"},"modified":"2021-12-10T10:31:36","modified_gmt":"2021-12-10T09:31:36","slug":"impressum","status":"publish","type":"page","link":"https:\/\/bfb.pantamedia.de\/wordpress\/impressum\/","title":{"rendered":"Impressum"},"content":{"rendered":"<p><strong>Dienstanbieter im Sinne von \u00a7 5 Telemediengesetz (TMG)<\/strong><br \/>\nBundesverband der Freien Berufe e. V.<br \/>\nReinhardtstra\u00dfe 34<br \/>\n10117 Berlin<\/p>\n<p>Telefon: +49 (0) 30 \/ 284444 0<br \/>\nE-Mail: <a href=\"mailto:info@freie-berufe.de\">info@freie-berufe.de<\/a><\/p>\n<p><strong>Vertretungsberechtigter Vorstand <\/strong><br \/>\nDipl.-Pharm. Friedemann Schmidt (Pr\u00e4sident)<br \/>\nStB Dipl.-Bw. Volker Kaiser (Vizepr\u00e4sident und Schatzmeister)<br \/>\nUSt-IdNr.: DE 157902194<\/p>\n<h2>Rechtlicher Hinweis<\/h2>\n<p><strong>Haftung<\/strong><br \/>\nDie auf den Internetseiten dieses Angebots enthaltenen Angaben und Informationen wurden vom BFB sorgf\u00e4ltig recherchiert und gepr\u00fcft. Gleichwohl wird f\u00fcr die Vollst\u00e4ndigkeit, Richtigkeit und Aktualit\u00e4t der Angaben und Informationen keine Haftung \u00fcbernommen.<\/p>\n<p><strong>Verantwortlichkeit f\u00fcr Links<\/strong><br \/>\nDer BFB ist f\u00fcr eigene Inhalte nach den allgemeinen Gesetzen verantwortlich. F\u00fcr fremde Inhalte anderer Anbieter, auf die in diesem Angebot durch Link verwiesen wird, tr\u00e4gt der jeweilige Anbieter die Verantwortung. Der BFB weist in diesem Zusammenhang darauf hin, dass fremde Inhalte bei der erstmaligen Verlinkung einer rechtlichen Pr\u00fcfung unterzogen werden. Eine st\u00e4ndige Kontrolle der verlinkten Inhalte ist allerdings weder gesetzlich vorgeschrieben noch faktisch m\u00f6glich. Sofern der BFB positive Kenntnis von fremden rechtswidrigen Inhalten erh\u00e4lt, wird sie die diesbez\u00fcglichen Links im Rahmen des technisch Zumutbaren unverz\u00fcglich aus ihrem Angebot entfernen.<\/p>\n<p><strong>E-Mail<\/strong><br \/>\nInformationen, die unverschl\u00fcsselt per E-Mail an den BFB versendet werden, k\u00f6nnen von Dritten unterwegs gelesen, zweckentfremdet oder gespeichert werden. Bei vertraulichen Informationen sollten daher in eigenem Interesse Verschl\u00fcsselungsprogramme verwendet werden.<\/p>\n<p><strong>Urheberrecht<\/strong><br \/>\nDie auf dieser Website enthaltenen Texte, Bilder, Graphiken, Logos sowie die Gestaltung und das Layout der Web-Seiten unterliegen dem Urheberrecht und anderen Immaterialg\u00fcterrechten. Die unerlaubte Nutzung und Verwertung einzelner Inhalte oder vollst\u00e4ndiger Web-Seiten kann zivil- und strafrechtliche Konsequenzen zur Folge haben.<\/p>\n","protected":false},"excerpt":{"rendered":"<p>Dienstanbieter im Sinne von \u00a7 5 Telemediengesetz (TMG) Bundesverband der Freien Berufe e. V. Reinhardtstra\u00dfe 34 [&hellip;]<\/p>\n","protected":false},"author":674,"featured_media":0,"parent":0,"menu_order":4,"comment_status":"closed","ping_status":"closed","template":"","meta":{"footnotes":""},"acf":[],"publishpress_future_action":{"enabled":false,"date":"1970-01-01 01:00:00","action":"","terms":[],"taxonomy":"","browser_timezone_offset":0},"_links":{"self":[{"href":"https:\/\/bfb.pantamedia.de\/wordpress\/wp-json\/wp\/v2\/pages\/37"}],"collection":[{"href":"https:\/\/bfb.pantamedia.de\/wordpress\/wp-json\/wp\/v2\/pages"}],"about":[{"href":"https:\/\/bfb.pantamedia.de\/wordpress\/wp-json\/wp\/v2\/types\/page"}],"author":[{"embeddable":true,"href":"https:\/\/bfb.pantamedia.de\/wordpress\/wp-json\/wp\/v2\/users\/674"}],"replies":[{"embeddable":true,"href":"https:\/\/bfb.pantamedia.de\/wordpress\/wp-json\/wp\/v2\/comments?post=37"}],"version-history":[{"count":16,"href":"https:\/\/bfb.pantamedia.de\/wordpress\/wp-json\/wp\/v2\/pages\/37\/revisions"}],"predecessor-version":[{"id":9213,"href":"https:\/\/bfb.pantamedia.de\/wordpress\/wp-json\/wp\/v2\/pages\/37\/revisions\/9213"}],"wp:attachment":[{"href":"https:\/\/bfb.pantamedia.de\/wordpress\/wp-json\/wp\/v2\/media?parent=37"}],"curies":[{"name":"wp","href":"https:\/\/api.w.org\/{rel}","templated":true}]}}