{"id":1409,"date":"2017-09-19T15:55:21","date_gmt":"2017-09-19T13:55:21","guid":{"rendered":"https:\/\/www.freie-berufe.de\/wordpress\/?page_id=1409"},"modified":"2021-05-05T11:03:04","modified_gmt":"2021-05-05T09:03:04","slug":"projekt-zur-verhinderung-von-ausbildungsabbruechen-vera","status":"publish","type":"page","link":"https:\/\/bfb.pantamedia.de\/wordpress\/themen\/bildung\/projekt-zur-verhinderung-von-ausbildungsabbruechen-vera\/","title":{"rendered":"Projekt zur Verhinderung von Ausbildungsabbr\u00fcchen (VerA)"},"content":{"rendered":"<p>Alt hilft jung \u2013 so lautet das Leitmotiv eines Projektes der Wirtschaft unter Beteiligung des BFB zur Vermeidung von Ausbildungsabbr\u00fcchen. Dahinter steht die Projektidee: Erfahrene ehemalige F\u00fchrungskr\u00e4fte und Freiberufler unterst\u00fctzen ehrenamtlich Jugendliche, bei denen ein Ausbildungsabbruch droht. Die so genannten Senior Experten leisten z. B. individuelle Hilfe beim Erlernen der Fachtheorie oder f\u00f6rdern soziale Kompetenzen.<\/p>\n<p>Durchgef\u00fchrt wird das Projekt vom Senior Experten Service (SES) in Bonn, in enger Partnerschaft mit dem BFB, dem Deutschen Industrie- und Handelskammertag sowie dem Zentralverband des Deutschen Handwerks. Die finanzielle Unterst\u00fctzung kommt vom Bundesministerium f\u00fcr Bildung und Forschung (BMBF). Bereits heute sind \u00fcber 7.000 solcher Senior Experten \u2013 darunter auch Angeh\u00f6rige der Freien Berufe \u2013 registriert, die bereit sind, Jugendliche ehrenamtlich zu betreuen.<\/p>\n<p><strong>Wie funktioniert die Initiative VerA?<\/strong><br \/>\nDas Projekt \u201eVerA\u201c (Verhinderung von Ausbildungsabbr\u00fcchen und St\u00e4rkung von Jugendlichen in der Berufsausbildung durch SES-Ausbildungsbegleiter) l\u00e4uft wie folgt: Die Senior Experten werden auf Anregung der Ausbildungsberater der jeweiligen regionalen Kammern t\u00e4tig. Erste Anlaufstelle sowohl f\u00fcr den Arbeitgeber als auch f\u00fcr den Azubi oder die Berufsschule bleibt demnach der Ausbildungsberater der Kammern. So wird sichergestellt, dass es nicht zu Kollisionen mit dem gesetzlichen Auftrag der Kammern zur \u00dcberwachung des Berufsausbildungsverh\u00e4ltnisses kommt. Auch die Ausbildungspraxis oder \u2013kanzlei wird \u00fcber einen Betreuungseinsatz eines Senior Experten unterrichtet.<\/p>\n<p>Nach der Kontaktaufnahme wird vom SES ein geeigneter Ausbildungsbegleiter in Wohnortn\u00e4he gesucht und beauftragt. In gemeinsamen Gespr\u00e4chen vereinbart die Senior Expertin oder der Senior Experte mit dem Jugendlichen Perspektiven und Ziele f\u00fcr die Ausbildungsbegleitung. Die Unterst\u00fctzung durch die Senior Experten ist sowohl f\u00fcr den Auszubildenden als auch f\u00fcr die Ausbildungspraxis\u00a0oder -kanzlei kostenfrei. Sie ist zun\u00e4chst auf ein Jahr begrenzt, kann aber bis zum Ende der Ausbildung verl\u00e4ngert werden.<\/p>\n<p><strong>Was ist der Nutzen?<br \/>\n<\/strong>Ausbildungsbegleiter unterst\u00fctzen Jugendliche dabei, ihr Ausbildungsziel zu erreichen.<\/p>\n<p>Gemeinsam finden sie L\u00f6sungen f\u00fcr bessere Lernmotivation, zur F\u00f6rderung von sozialen Kompetenzen und Bew\u00e4ltigung von allt\u00e4glichen Problemen.<\/p>\n<p>Der Ausbildungsbegleiter f\u00f6rdert das Verst\u00e4ndnis f\u00fcr die Fachtheorie und \u00fcbt praktische Qualifikationen ein. Er hilft bei der Vorbereitung von Pr\u00fcfungen und beim Ausgleich sprachlicher Defizite. Dies tr\u00e4gt auch zur St\u00e4rkung des Vertrauensverh\u00e4ltnisses zwischen Auszubildenden und Betrieb bei.<\/p>\n<p><strong>Senior Experten als Ausbildungsbegleiter<br \/>\n<\/strong>Die Ausbildungsbegleiter (Senior Experten) haben ihr eigenes Berufsleben l\u00e4ngst beendet und bringen Zeit mit, um individuell auf die Auszubildenden einzugehen. Durch ihre ehrenamtliche T\u00e4tigkeit sind sie unabh\u00e4ngig.<\/p>\n<p>Weitere Informationen gibt es unter <a href=\"https:\/\/vera.ses-bonn.de\/\">https:\/\/vera.ses-bonn.de\/<\/a>.<\/p>\n","protected":false},"excerpt":{"rendered":"<p>Alt hilft jung \u2013 so lautet das Leitmotiv eines Projektes der Wirtschaft unter Beteiligung des BFB [&hellip;]<\/p>\n","protected":false},"author":674,"featured_media":0,"parent":100,"menu_order":11,"comment_status":"closed","ping_status":"closed","template":"","meta":{"footnotes":""},"acf":[],"publishpress_future_action":{"enabled":false,"date":"1970-01-01 01:00:00","action":"","terms":[],"taxonomy":"","browser_timezone_offset":0},"_links":{"self":[{"href":"https:\/\/bfb.pantamedia.de\/wordpress\/wp-json\/wp\/v2\/pages\/1409"}],"collection":[{"href":"https:\/\/bfb.pantamedia.de\/wordpress\/wp-json\/wp\/v2\/pages"}],"about":[{"href":"https:\/\/bfb.pantamedia.de\/wordpress\/wp-json\/wp\/v2\/types\/page"}],"author":[{"embeddable":true,"href":"https:\/\/bfb.pantamedia.de\/wordpress\/wp-json\/wp\/v2\/users\/674"}],"replies":[{"embeddable":true,"href":"https:\/\/bfb.pantamedia.de\/wordpress\/wp-json\/wp\/v2\/comments?post=1409"}],"version-history":[{"count":6,"href":"https:\/\/bfb.pantamedia.de\/wordpress\/wp-json\/wp\/v2\/pages\/1409\/revisions"}],"predecessor-version":[{"id":8367,"href":"https:\/\/bfb.pantamedia.de\/wordpress\/wp-json\/wp\/v2\/pages\/1409\/revisions\/8367"}],"up":[{"embeddable":true,"href":"https:\/\/bfb.pantamedia.de\/wordpress\/wp-json\/wp\/v2\/pages\/100"}],"wp:attachment":[{"href":"https:\/\/bfb.pantamedia.de\/wordpress\/wp-json\/wp\/v2\/media?parent=1409"}],"curies":[{"name":"wp","href":"https:\/\/api.w.org\/{rel}","templated":true}]}}