{"id":1392,"date":"2017-09-19T15:43:38","date_gmt":"2017-09-19T13:43:38","guid":{"rendered":"https:\/\/www.freie-berufe.de\/wordpress\/?page_id=1392"},"modified":"2022-02-17T16:19:35","modified_gmt":"2022-02-17T15:19:35","slug":"ausbildungsberatung","status":"publish","type":"page","link":"https:\/\/bfb.pantamedia.de\/wordpress\/themen\/bildung\/ausbildungsberatung\/","title":{"rendered":"Ausbildungsberatung"},"content":{"rendered":"<p>F\u00fcr die Ausbildungsberufe Medizinische\/r Fachangestellte\/r, Zahnmedizinische\/r Fachangestellte\/r, Tiermedizinische\/r Fachangestellte\/r, Pharmazeutisch-kaufm\u00e4nnische\/r Angestellte\/r, Rechtsanwaltsfachangestellte\/r, Rechtsanwalts- und Notarfachangestellte\/r, Notarfachangestellte\/r, Patentanwaltsfachangestellte\/r sowie Steuerfachangestellte\/r stehen Ihnen die jeweiligen berufsst\u00e4ndischen Kammern der Freien Berufe zur Verf\u00fcgung.<\/p>\n<p>F\u00fcr die Ausbildung in weiteren bei den Freiberuflern anzutreffenden Berufen zum Beispiel B\u00fcrokaufmann, Bauzeichner, Fachinformatiker, Vermessungstechniker usw. sind die Industrie- und Handelskammern (IHK) zust\u00e4ndige Stelle, f\u00fcr Handwerksberufe wie den Zahntechniker sind die Handwerkskammern zust\u00e4ndig.<\/p>\n<p><strong>F\u00f6rderung<\/strong><\/p>\n<p>Wenn Sie auf der Suche nach F\u00f6rderm\u00f6glichkeiten sind, kann Ihnen die F\u00f6rderdatenbank des Bundes weiterhelfen. Dort sind alle kommunalen wie bundesweiten F\u00f6rderprogramme aufgelistet.<\/p>\n<p>Einen umfassenden \u00dcberblick \u00fcber Ihre Rechte und Pflichten, aber auch \u00fcber die Rechte der Auszubildenden informiert eine Brosch\u00fcre aus dem Bundesbildungsministerium &#8222;Ausbildung und Beruf&#8220;. Die Brosch\u00fcre richtet sich an Ausbildungsberater, Eltern, Sch\u00fcler und Lehrer sowie Auszubildende und Ausbilder.<\/p>\n<div class=\"csc-header csc-header-n1\">\n<p class=\"csc-firstHeader\"><strong>Ausbildungsbegleitende Hilfen<\/strong><\/p>\n<\/div>\n<p>Wenn Sie mit der Ausbildungsreife der jugendlichen Bewerber unzufrieden sind, haben Sie die M\u00f6glichkeit, \u00fcber die von der Bundesagentur f\u00fcr Arbeit (BA) finanzierten sogenannte ausbildungsbegleitenden Hilfen (abH) Ihre Auszubildenden w\u00e4hrend der Ausbildung weiter zu qualifizieren.<\/p>\n<p>Die Leistung zielt darauf ab, Jugendlichen, die besonderer Hilfen bed\u00fcrfen, durch F\u00f6rderung des Erlernens von Fachtheorie, St\u00fctzunterricht zum Abbau von Sprach- und Bildungsdefiziten sowie durch sozialp\u00e4dagogische Begleitung, die Aufnahme, Fortsetzung sowie den erfolgreichen Abschluss einer erstmaligen betrieblichen Berufsausbildung in anerkannten Ausbildungsberufen zu erm\u00f6glichen. Ausbildungsbegleitende Hilfen m\u00fcssen \u00fcber betriebs- und ausbildungs\u00fcbliche Inhalte hinausgehen. F\u00fcr die Durchf\u00fchrung erhalten die Bildungstr\u00e4ger die erforderlichen Ma\u00dfnahmekosten. Sofern abH w\u00e4hrend der \u00fcblichen betrieblichen Arbeitszeit durchgef\u00fchrt wird, kann dem Betrieb ein Zuschuss zu der anteiligen Ausbildungsverg\u00fctung gew\u00e4hrt werden. Mehr Informationen zu abH erhalten Sie \u00fcber die zust\u00e4ndige Arbeitsagentur.<\/p>\n","protected":false},"excerpt":{"rendered":"<p>F\u00fcr die Ausbildungsberufe Medizinische\/r Fachangestellte\/r, Zahnmedizinische\/r Fachangestellte\/r, Tiermedizinische\/r Fachangestellte\/r, Pharmazeutisch-kaufm\u00e4nnische\/r Angestellte\/r, Rechtsanwaltsfachangestellte\/r, Rechtsanwalts- und Notarfachangestellte\/r, Notarfachangestellte\/r, [&hellip;]<\/p>\n","protected":false},"author":674,"featured_media":0,"parent":100,"menu_order":5,"comment_status":"closed","ping_status":"closed","template":"","meta":{"footnotes":""},"acf":[],"publishpress_future_action":{"enabled":false,"date":"1970-01-01 01:00:00","action":"","terms":[],"taxonomy":"","browser_timezone_offset":0},"_links":{"self":[{"href":"https:\/\/bfb.pantamedia.de\/wordpress\/wp-json\/wp\/v2\/pages\/1392"}],"collection":[{"href":"https:\/\/bfb.pantamedia.de\/wordpress\/wp-json\/wp\/v2\/pages"}],"about":[{"href":"https:\/\/bfb.pantamedia.de\/wordpress\/wp-json\/wp\/v2\/types\/page"}],"author":[{"embeddable":true,"href":"https:\/\/bfb.pantamedia.de\/wordpress\/wp-json\/wp\/v2\/users\/674"}],"replies":[{"embeddable":true,"href":"https:\/\/bfb.pantamedia.de\/wordpress\/wp-json\/wp\/v2\/comments?post=1392"}],"version-history":[{"count":25,"href":"https:\/\/bfb.pantamedia.de\/wordpress\/wp-json\/wp\/v2\/pages\/1392\/revisions"}],"predecessor-version":[{"id":7098,"href":"https:\/\/bfb.pantamedia.de\/wordpress\/wp-json\/wp\/v2\/pages\/1392\/revisions\/7098"}],"up":[{"embeddable":true,"href":"https:\/\/bfb.pantamedia.de\/wordpress\/wp-json\/wp\/v2\/pages\/100"}],"wp:attachment":[{"href":"https:\/\/bfb.pantamedia.de\/wordpress\/wp-json\/wp\/v2\/media?parent=1392"}],"curies":[{"name":"wp","href":"https:\/\/api.w.org\/{rel}","templated":true}]}}