{"id":1383,"date":"2017-09-19T15:15:07","date_gmt":"2017-09-19T13:15:07","guid":{"rendered":"https:\/\/www.freie-berufe.de\/wordpress\/?page_id=1383"},"modified":"2021-05-05T11:03:04","modified_gmt":"2021-05-05T09:03:04","slug":"europaeischer-und-deutscher-qualifikationsrahmen","status":"publish","type":"page","link":"https:\/\/bfb.pantamedia.de\/wordpress\/themen\/bildung\/europaeischer-und-deutscher-qualifikationsrahmen\/","title":{"rendered":"Europ\u00e4ischer und Deutscher Qualifikationsrahmen"},"content":{"rendered":"<p>Der Europ\u00e4ische Qualifikationsrahmen (EQR) bildet als Referenzrahmen f\u00fcr lebenslanges Lernen die Leistungen der jeweiligen nationalen Bildungssysteme auf europ\u00e4ischer Ebene in acht Niveaustufen ab. Damit dient er dazu, Lernergebnisse aus allen Bildungsbereichen international verst\u00e4ndlicher und vergleichbarer zu machen. In dieser Funktion als \u00dcbersetzungshilfe zwischen den Bildungs- und Qualifikationssystemen der EU-Mitgliedstaaten soll er dazu beitragen, dass Arbeitnehmer und Lernende ihre Qualifikationen auch \u00fcber die eigenen L\u00e4ndergrenzen hinweg besser nutzen k\u00f6nnen.<\/p>\n<p>Damit die Ergebnisse des deutschen Bildungssystems EU-weit Anerkennung finden, m\u00fcssen sie dem EQR angemessen zugeordnet werden k\u00f6nnen. Dazu ist es notwendig, die nationalen Bildungsleistungen \u00fcber einen Deutschen Qualifikationsrahmen (DQR) zu definieren.<\/p>\n<p>Der DQR er\u00f6ffnet die Chance, das deutsche Qualifikationssystem transparenter zu machen, Durchl\u00e4ssigkeit und Mobilit\u00e4t zu f\u00f6rdern sowie die Orientierung von Qualifikationen an Kompetenzen und Lernergebnissen zu unterst\u00fctzen.<\/p>\n<p>Bei der Entwicklung des DQR soll daher komplement\u00e4r zum EQR nicht im Vordergrund stehen, wo oder in welchem System Qualifikationen erworben wurden, sondern welche Kenntnisse, F\u00e4higkeiten und Kompetenzen tats\u00e4chlich vorliegen. Jedes Kompetenzniveau soll grunds\u00e4tzlich auf verschiedenen Wegen erreichbar sein.<\/p>\n<p>Die einzelnen Niveaus umfassen folgende Qualifikationen:<br \/>\nAllgemeinbildende Qualifikationen: Niveau 1 \u2013 4<br \/>\nAnerkannte BBiG\/HWO-Ausbildungsberufe: Niveau 3 und 4,<br \/>\nFachschulische Weiterbildungsqualifikationen und vollqualifizierende 3-j\u00e4hrige Erstausbildungsg\u00e4nge an Fachschulen (z. B. Gesundheitsfachberufe): Niveau 5<br \/>\nBerufliche Fortbildung nach BBiG\/HWO: Niveau 5 \u2013 7<br \/>\nHochschulische Qualifikationen: Niveau 6 \u2013 8 (Bachelor 6; Master 7), Facharzt: Niveau 7<\/p>\n<p>Der anhand von ausgew\u00e4hlten Qualifikationen\/Bildungsg\u00e4ngen erprobte DQR wurde am 10. November 2010 beschlossen, so dass ab 2012 die ausgestellten Qualifikationsbescheinigungen, Diplome und EUROPASS-Dokumente einen klaren Hinweis auf das zutreffende Niveau des EQR enthalten sollen.<\/p>\n","protected":false},"excerpt":{"rendered":"<p>Der Europ\u00e4ische Qualifikationsrahmen (EQR) bildet als Referenzrahmen f\u00fcr lebenslanges Lernen die Leistungen der jeweiligen nationalen Bildungssysteme [&hellip;]<\/p>\n","protected":false},"author":674,"featured_media":0,"parent":100,"menu_order":9,"comment_status":"closed","ping_status":"closed","template":"","meta":{"footnotes":""},"acf":[],"publishpress_future_action":{"enabled":false,"date":"1970-01-01 01:00:00","action":"","terms":[],"taxonomy":"","browser_timezone_offset":0},"_links":{"self":[{"href":"https:\/\/bfb.pantamedia.de\/wordpress\/wp-json\/wp\/v2\/pages\/1383"}],"collection":[{"href":"https:\/\/bfb.pantamedia.de\/wordpress\/wp-json\/wp\/v2\/pages"}],"about":[{"href":"https:\/\/bfb.pantamedia.de\/wordpress\/wp-json\/wp\/v2\/types\/page"}],"author":[{"embeddable":true,"href":"https:\/\/bfb.pantamedia.de\/wordpress\/wp-json\/wp\/v2\/users\/674"}],"replies":[{"embeddable":true,"href":"https:\/\/bfb.pantamedia.de\/wordpress\/wp-json\/wp\/v2\/comments?post=1383"}],"version-history":[{"count":4,"href":"https:\/\/bfb.pantamedia.de\/wordpress\/wp-json\/wp\/v2\/pages\/1383\/revisions"}],"predecessor-version":[{"id":8049,"href":"https:\/\/bfb.pantamedia.de\/wordpress\/wp-json\/wp\/v2\/pages\/1383\/revisions\/8049"}],"up":[{"embeddable":true,"href":"https:\/\/bfb.pantamedia.de\/wordpress\/wp-json\/wp\/v2\/pages\/100"}],"wp:attachment":[{"href":"https:\/\/bfb.pantamedia.de\/wordpress\/wp-json\/wp\/v2\/media?parent=1383"}],"curies":[{"name":"wp","href":"https:\/\/api.w.org\/{rel}","templated":true}]}}